{"id":296,"date":"2015-02-02T14:41:34","date_gmt":"2015-02-02T14:41:34","guid":{"rendered":"https:\/\/www.business-link.fr\/site\/?page_id=296"},"modified":"2022-02-08T11:49:02","modified_gmt":"2022-02-08T11:49:02","slug":"comptage-en-ligne","status":"publish","type":"page","link":"https:\/\/www.business-link.fr\/site\/comptage-en-ligne\/","title":{"rendered":"Faire un comptage en ligne"},"content":{"rendered":"<div class=\"subtitle\"><img decoding=\"async\" style=\"width: 430px; height: 154px; float: right;\" src=\"http:\/\/www.business-link.fr\/site\/site\/wp-content\/uploads\/2015\/02\/image-location-fichier3.jpg\" alt=\"workers people\" \/>Nous proposons des fichiers postaux, t\u00e9l\u00e9phones, emails, mobiles et t\u00e9l\u00e9copies en location et en achat sur les crit\u00e8res suivants:<\/div>\n<p>-Secteur d&rsquo;activit\u00e9: nomenclature NAF 2008 (<a href=\"http:\/\/www.business-link.fr\/site\/medias\/blink\/nomenclature-naf-2008.xls\">\u00e0 t\u00e9l\u00e9charger<\/a>)<br \/>\n-Taille de l&rsquo;entreprise: effectif, chiffre d&rsquo;affaires, si\u00e8ge ou \u00e9tablissement<br \/>\n-Fonction de l&rsquo;interlocuteur : Dirigeant, achat, vente, production&#8230;<br \/>\n-G\u00e9omarketing : pays, langue, r\u00e9gion, d\u00e9partement, ville&#8230;<\/p>\n","protected":false},"excerpt":{"rendered":"<p>Nous proposons des fichiers postaux, t\u00e9l\u00e9phones, emails, mobiles et t\u00e9l\u00e9copies en location et en achat sur les crit\u00e8res suivants: -Secteur d&rsquo;activit\u00e9: nomenclature NAF 2008 (\u00e0 t\u00e9l\u00e9charger) -Taille de l&rsquo;entreprise: effectif, chiffre d&rsquo;affaires, si\u00e8ge ou \u00e9tablissement -Fonction de l&rsquo;interlocuteur : Dirigeant, achat, vente, production&#8230; -G\u00e9omarketing : pays, langue, r\u00e9gion, d\u00e9partement, ville&#8230;<\/p>\n","protected":false},"author":1,"featured_media":0,"parent":0,"menu_order":0,"comment_status":"open","ping_status":"open","template":"","meta":{"_acf_changed":false,"footnotes":""},"class_list":["post-296","page","type-page","status-publish","hentry"],"acf":[],"yoast_head":"<!-- This site is optimized with the Yoast SEO plugin v27.3 - https:\/\/yoast.com\/product\/yoast-seo-wordpress\/ -->\n<title>Faire un comptage en ligne | Business Link<\/title>\n<meta name=\"description\" content=\"Nous proposons des fichiers postaux, t\u00e9l\u00e9phones, emails, mobiles et t\u00e9l\u00e9copies en location et en achat sur les crit\u00e8res suivants: -Secteur d&#039;activit\u00e9:\" \/>\n<meta name=\"robots\" content=\"index, follow, max-snippet:-1, max-image-preview:large, max-video-preview:-1\" \/>\n<link rel=\"canonical\" href=\"https:\/\/www.business-link.fr\/site\/comptage-en-ligne\/\" \/>\n<meta property=\"og:locale\" content=\"fr_FR\" \/>\n<meta property=\"og:type\" content=\"article\" \/>\n<meta property=\"og:title\" content=\"Faire un comptage en ligne | Business Link\" \/>\n<meta property=\"og:description\" content=\"Nous proposons des fichiers postaux, t\u00e9l\u00e9phones, emails, mobiles et t\u00e9l\u00e9copies en location et en achat sur les crit\u00e8res suivants: -Secteur d&#039;activit\u00e9:\" \/>\n<meta property=\"og:url\" content=\"https:\/\/www.business-link.fr\/site\/comptage-en-ligne\/\" \/>\n<meta property=\"og:site_name\" content=\"Business Link\" \/>\n<meta property=\"article:publisher\" content=\"https:\/\/www.facebook.com\/Business.Link.marketingB2B\/\" \/>\n<meta property=\"article:modified_time\" content=\"2022-02-08T11:49:02+00:00\" \/>\n<meta property=\"og:image\" content=\"http:\/\/www.business-link.fr\/site\/wp-content\/uploads\/2015\/02\/image-location-fichier3.jpg\" \/>\n<meta name=\"twitter:label1\" content=\"Dur\u00e9e de lecture estim\u00e9e\" \/>\n\t<meta name=\"twitter:data1\" content=\"1 minute\" \/>\n<script type=\"application\/ld+json\" class=\"yoast-schema-graph\">{\"@context\":\"https:\\\/\\\/schema.org\",\"@graph\":[{\"@type\":\"WebPage\",\"@id\":\"https:\\\/\\\/www.business-link.fr\\\/site\\\/comptage-en-ligne\\\/\",\"url\":\"https:\\\/\\\/www.business-link.fr\\\/site\\\/comptage-en-ligne\\\/\",\"name\":\"Faire un comptage en ligne | Business Link\",\"isPartOf\":{\"@id\":\"https:\\\/\\\/www.business-link.fr\\\/site\\\/#website\"},\"primaryImageOfPage\":{\"@id\":\"https:\\\/\\\/www.business-link.fr\\\/site\\\/comptage-en-ligne\\\/#primaryimage\"},\"image\":{\"@id\":\"https:\\\/\\\/www.business-link.fr\\\/site\\\/comptage-en-ligne\\\/#primaryimage\"},\"thumbnailUrl\":\"http:\\\/\\\/www.business-link.fr\\\/site\\\/site\\\/wp-content\\\/uploads\\\/2015\\\/02\\\/image-location-fichier3.jpg\",\"datePublished\":\"2015-02-02T14:41:34+00:00\",\"dateModified\":\"2022-02-08T11:49:02+00:00\",\"description\":\"Nous proposons des fichiers postaux, t\u00e9l\u00e9phones, emails, mobiles et t\u00e9l\u00e9copies en location et en achat sur les crit\u00e8res suivants: -Secteur d'activit\u00e9:\",\"breadcrumb\":{\"@id\":\"https:\\\/\\\/www.business-link.fr\\\/site\\\/comptage-en-ligne\\\/#breadcrumb\"},\"inLanguage\":\"fr-FR\",\"potentialAction\":[{\"@type\":\"ReadAction\",\"target\":[\"https:\\\/\\\/www.business-link.fr\\\/site\\\/comptage-en-ligne\\\/\"]}]},{\"@type\":\"ImageObject\",\"inLanguage\":\"fr-FR\",\"@id\":\"https:\\\/\\\/www.business-link.fr\\\/site\\\/comptage-en-ligne\\\/#primaryimage\",\"url\":\"http:\\\/\\\/www.business-link.fr\\\/site\\\/site\\\/wp-content\\\/uploads\\\/2015\\\/02\\\/image-location-fichier3.jpg\",\"contentUrl\":\"http:\\\/\\\/www.business-link.fr\\\/site\\\/site\\\/wp-content\\\/uploads\\\/2015\\\/02\\\/image-location-fichier3.jpg\"},{\"@type\":\"BreadcrumbList\",\"@id\":\"https:\\\/\\\/www.business-link.fr\\\/site\\\/comptage-en-ligne\\\/#breadcrumb\",\"itemListElement\":[{\"@type\":\"ListItem\",\"position\":1,\"name\":\"Accueil\",\"item\":\"https:\\\/\\\/www.business-link.fr\\\/site\\\/\"},{\"@type\":\"ListItem\",\"position\":2,\"name\":\"Faire un comptage en ligne\"}]},{\"@type\":\"WebSite\",\"@id\":\"https:\\\/\\\/www.business-link.fr\\\/site\\\/#website\",\"url\":\"https:\\\/\\\/www.business-link.fr\\\/site\\\/\",\"name\":\"Business Link\",\"description\":\"L&#039;expert B2B qui accompagne votre d\u00e9veloppement\",\"publisher\":{\"@id\":\"https:\\\/\\\/www.business-link.fr\\\/site\\\/#organization\"},\"potentialAction\":[{\"@type\":\"SearchAction\",\"target\":{\"@type\":\"EntryPoint\",\"urlTemplate\":\"https:\\\/\\\/www.business-link.fr\\\/site\\\/?s={search_term_string}\"},\"query-input\":{\"@type\":\"PropertyValueSpecification\",\"valueRequired\":true,\"valueName\":\"search_term_string\"}}],\"inLanguage\":\"fr-FR\"},{\"@type\":\"Organization\",\"@id\":\"https:\\\/\\\/www.business-link.fr\\\/site\\\/#organization\",\"name\":\"Business Link\",\"url\":\"https:\\\/\\\/www.business-link.fr\\\/site\\\/\",\"logo\":{\"@type\":\"ImageObject\",\"inLanguage\":\"fr-FR\",\"@id\":\"https:\\\/\\\/www.business-link.fr\\\/site\\\/#\\\/schema\\\/logo\\\/image\\\/\",\"url\":\"https:\\\/\\\/www.business-link.fr\\\/site\\\/wp-content\\\/uploads\\\/2026\\\/03\\\/BLINK-logo-vertical-bleu-copie.png\",\"contentUrl\":\"https:\\\/\\\/www.business-link.fr\\\/site\\\/wp-content\\\/uploads\\\/2026\\\/03\\\/BLINK-logo-vertical-bleu-copie.png\",\"width\":418,\"height\":196,\"caption\":\"Business Link\"},\"image\":{\"@id\":\"https:\\\/\\\/www.business-link.fr\\\/site\\\/#\\\/schema\\\/logo\\\/image\\\/\"},\"sameAs\":[\"https:\\\/\\\/www.facebook.com\\\/Business.Link.marketingB2B\\\/\",\"https:\\\/\\\/www.linkedin.com\\\/company\\\/b-link\\\/\",\"https:\\\/\\\/www.instagram.com\\\/team_business_link\",\"https:\\\/\\\/www.youtube.com\\\/channel\\\/UCLI6vEbvytIdipXj1FRdNrw\"]}]}<\/script>\n<!-- \/ Yoast SEO plugin. -->","yoast_head_json":{"title":"Faire un comptage en ligne | Business Link","description":"Nous proposons des fichiers postaux, t\u00e9l\u00e9phones, emails, mobiles et t\u00e9l\u00e9copies en location et en achat sur les crit\u00e8res suivants: -Secteur d'activit\u00e9:","robots":{"index":"index","follow":"follow","max-snippet":"max-snippet:-1","max-image-preview":"max-image-preview:large","max-video-preview":"max-video-preview:-1"},"canonical":"https:\/\/www.business-link.fr\/site\/comptage-en-ligne\/","og_locale":"fr_FR","og_type":"article","og_title":"Faire un comptage en ligne | Business Link","og_description":"Nous proposons des fichiers postaux, t\u00e9l\u00e9phones, emails, mobiles et t\u00e9l\u00e9copies en location et en achat sur les crit\u00e8res suivants: -Secteur d'activit\u00e9:","og_url":"https:\/\/www.business-link.fr\/site\/comptage-en-ligne\/","og_site_name":"Business Link","article_publisher":"https:\/\/www.facebook.com\/Business.Link.marketingB2B\/","article_modified_time":"2022-02-08T11:49:02+00:00","og_image":[{"url":"http:\/\/www.business-link.fr\/site\/wp-content\/uploads\/2015\/02\/image-location-fichier3.jpg","type":"","width":"","height":""}],"twitter_misc":{"Dur\u00e9e de lecture estim\u00e9e":"1 minute"},"schema":{"@context":"https:\/\/schema.org","@graph":[{"@type":"WebPage","@id":"https:\/\/www.business-link.fr\/site\/comptage-en-ligne\/","url":"https:\/\/www.business-link.fr\/site\/comptage-en-ligne\/","name":"Faire un comptage en ligne | Business Link","isPartOf":{"@id":"https:\/\/www.business-link.fr\/site\/#website"},"primaryImageOfPage":{"@id":"https:\/\/www.business-link.fr\/site\/comptage-en-ligne\/#primaryimage"},"image":{"@id":"https:\/\/www.business-link.fr\/site\/comptage-en-ligne\/#primaryimage"},"thumbnailUrl":"http:\/\/www.business-link.fr\/site\/site\/wp-content\/uploads\/2015\/02\/image-location-fichier3.jpg","datePublished":"2015-02-02T14:41:34+00:00","dateModified":"2022-02-08T11:49:02+00:00","description":"Nous proposons des fichiers postaux, t\u00e9l\u00e9phones, emails, mobiles et t\u00e9l\u00e9copies en location et en achat sur les crit\u00e8res suivants: -Secteur d'activit\u00e9:","breadcrumb":{"@id":"https:\/\/www.business-link.fr\/site\/comptage-en-ligne\/#breadcrumb"},"inLanguage":"fr-FR","potentialAction":[{"@type":"ReadAction","target":["https:\/\/www.business-link.fr\/site\/comptage-en-ligne\/"]}]},{"@type":"ImageObject","inLanguage":"fr-FR","@id":"https:\/\/www.business-link.fr\/site\/comptage-en-ligne\/#primaryimage","url":"http:\/\/www.business-link.fr\/site\/site\/wp-content\/uploads\/2015\/02\/image-location-fichier3.jpg","contentUrl":"http:\/\/www.business-link.fr\/site\/site\/wp-content\/uploads\/2015\/02\/image-location-fichier3.jpg"},{"@type":"BreadcrumbList","@id":"https:\/\/www.business-link.fr\/site\/comptage-en-ligne\/#breadcrumb","itemListElement":[{"@type":"ListItem","position":1,"name":"Accueil","item":"https:\/\/www.business-link.fr\/site\/"},{"@type":"ListItem","position":2,"name":"Faire un comptage en ligne"}]},{"@type":"WebSite","@id":"https:\/\/www.business-link.fr\/site\/#website","url":"https:\/\/www.business-link.fr\/site\/","name":"Business Link","description":"L&#039;expert B2B qui accompagne votre d\u00e9veloppement","publisher":{"@id":"https:\/\/www.business-link.fr\/site\/#organization"},"potentialAction":[{"@type":"SearchAction","target":{"@type":"EntryPoint","urlTemplate":"https:\/\/www.business-link.fr\/site\/?s={search_term_string}"},"query-input":{"@type":"PropertyValueSpecification","valueRequired":true,"valueName":"search_term_string"}}],"inLanguage":"fr-FR"},{"@type":"Organization","@id":"https:\/\/www.business-link.fr\/site\/#organization","name":"Business Link","url":"https:\/\/www.business-link.fr\/site\/","logo":{"@type":"ImageObject","inLanguage":"fr-FR","@id":"https:\/\/www.business-link.fr\/site\/#\/schema\/logo\/image\/","url":"https:\/\/www.business-link.fr\/site\/wp-content\/uploads\/2026\/03\/BLINK-logo-vertical-bleu-copie.png","contentUrl":"https:\/\/www.business-link.fr\/site\/wp-content\/uploads\/2026\/03\/BLINK-logo-vertical-bleu-copie.png","width":418,"height":196,"caption":"Business Link"},"image":{"@id":"https:\/\/www.business-link.fr\/site\/#\/schema\/logo\/image\/"},"sameAs":["https:\/\/www.facebook.com\/Business.Link.marketingB2B\/","https:\/\/www.linkedin.com\/company\/b-link\/","https:\/\/www.instagram.com\/team_business_link","https:\/\/www.youtube.com\/channel\/UCLI6vEbvytIdipXj1FRdNrw"]}]}},"_links":{"self":[{"href":"https:\/\/www.business-link.fr\/site\/wp-json\/wp\/v2\/pages\/296","targetHints":{"allow":["GET"]}}],"collection":[{"href":"https:\/\/www.business-link.fr\/site\/wp-json\/wp\/v2\/pages"}],"about":[{"href":"https:\/\/www.business-link.fr\/site\/wp-json\/wp\/v2\/types\/page"}],"author":[{"embeddable":true,"href":"https:\/\/www.business-link.fr\/site\/wp-json\/wp\/v2\/users\/1"}],"replies":[{"embeddable":true,"href":"https:\/\/www.business-link.fr\/site\/wp-json\/wp\/v2\/comments?post=296"}],"version-history":[{"count":18,"href":"https:\/\/www.business-link.fr\/site\/wp-json\/wp\/v2\/pages\/296\/revisions"}],"predecessor-version":[{"id":6332,"href":"https:\/\/www.business-link.fr\/site\/wp-json\/wp\/v2\/pages\/296\/revisions\/6332"}],"wp:attachment":[{"href":"https:\/\/www.business-link.fr\/site\/wp-json\/wp\/v2\/media?parent=296"}],"curies":[{"name":"wp","href":"https:\/\/api.w.org\/{rel}","templated":true}]}}